9
What are the prime factors of 2242?
2, 19, 59
List the prime factors of 1226.
2, 613
List the prime factors of 6027.
3, 7, 41
List the prime factors of 65187.
3, 7243
What are the prime factors of 4923?
3, 547
What are the prime factors of 17301?
3, 73, 79
List the prime factors of 3216.
2, 3, 67
List the prime factors of 1486.
2, 743
What are the prime factors of 65698?
2, 107, 307
List the prime factors of 1505.
5, 7, 43
List the prime factors of 732.
2, 3, 61
List the prime factors of 719.
719
List the prime factors of 262.
2, 131
What are the prime factors of 3253?
3253
What are the prime factors of 29553?
3, 9851
What are the prime factors of 27608?
2, 7, 17, 29
List the prime factors of 3385.
5, 677
What are the prime factors of 44259?
3, 14753
List the prime factors of 96655.
5, 13, 1487
What are the prime factors of 2154?
2, 3, 359
What are the prime factors of 266?
2, 7, 19
What are the prime factors of 7104?
2, 3, 37
What are the prime factors of 3008?
2, 47
List the prime factors of 1561.
7, 223
What are the prime factors of 4672?
2, 73
What are the prime factors of 67290?
2, 3, 5, 2243
What are the prime factors of 2435?
5, 487
List the prime factors of 73483.
73483
What are the prime factors of 5342?
2, 2671
What are the prime factors of 1331?
11
List the prime factors of 4472.
2, 13, 43
What are the prime factors of 22084?
2, 5521
List the prime factors of 3802.
2, 1901
List the prime factors of 3154.
2, 19, 83
List the prime factors of 8481.
3, 11, 257
What are the prime factors of 4400?
2, 5, 11
What are the prime factors of 49477?
49477
List the prime factors of 72879.
3, 17, 1429
What are the prime factors of 43036?
2, 7, 29, 53
List the prime factors of 28010.
2, 5, 2801
List the prime factors of 2676.
2, 3, 223
What are the prime factors of 333?
3, 37
What are the prime factors of 40953?
3, 11, 17, 73
What are the prime factors of 1094?
2, 547
List the prime factors of 1424.
2, 89
What are the prime factors of 5735?
5, 31, 37
List the prime factors of 2189.
11, 199
What are the prime factors of 103719?
3, 7, 11, 449
What are the prime factors of 1368?
2, 3, 19
List the prime factors of 15799.
7, 37, 61
What are the prime factors of 27861?
3, 37, 251
What are the prime factors of 1111?
11, 101
List the prime factors of 11509.
17, 677
List the prime factors of 11802.
2, 3, 7, 281
List the prime factors of 8322.
2, 3, 19, 73
What are the prime factors of 87149?
87149
What are the prime factors of 2338?
2, 7, 167
List the prime factors of 332.
2, 83
List the prime factors of 6401.
37, 173
List the prime factors of 1179.
3, 131
List the prime factors of 34327.
34327
List the prime factors of 770.
2, 5, 7, 11
What are the prime factors of 4425?
3, 5, 59
List the prime factors of 75547.
31, 2437
List the prime factors of 13855.
5, 17, 163
List the prime factors of 1352.
2, 13
What are the prime factors of 328?
2, 41
What are the prime factors of 127421?
7, 109, 167
List the prime factors of 50248.
2, 11, 571
What are the prime factors of 8603?
7, 1229
List the prime factors of 1414.
2, 7, 101
What are the prime factors of 5175?
3, 5, 23
List the prime factors of 14665.
5, 7, 419
List the prime factors of 256.
2
What are the prime factors of 14217?
3, 7, 677
List the prime factors of 41030.
2, 5, 11, 373
What are the prime factors of 1622?
2, 811
List the prime factors of 201.
3, 67
What are the prime factors of 57?
3, 19
List the prime factors of 28171.
11, 13, 197
What are the prime factors of 477?
3, 53
What are the prime factors of 24559?
41, 599
List the prime factors of 2123.
11, 193
What are the prime factors of 8018?
2, 19, 211
List the prime factors of 15411.
3, 11, 467
List the prime factors of 123964.
2, 17, 1823
What are the prime factors of 18885?
3, 5, 1259
List the prime factors of 1132.
2, 283
What are the prime factors of 7834?
2, 3917
List the prime factors of 38481.
3, 101, 127
What are the prime factors of 29120?
2, 5, 7, 13
List the prime factors of 7274.
2, 3637
What are the prime factors of 31909?
17, 1877
What are the prime factors of 3935?
5, 787
What are the prime factors of 11042?
2, 5521
What are the prime factors of 11112?
2, 3, 463
What are the prime factors of 1120?
2, 5, 7
What are the prime factors of 13561?
71, 191
List the prime factors of 49064.
2, 6133
What are the prime factors of 70736?
2, 4421
What are the prime factors of 90589?
157, 577
List the prime factors of 910.
2, 5, 7, 13
What are the prime factors of 15011?
17, 883
List the prime factors of 6989.
29, 241
What are the prime factors of 5990?
2, 5, 599
List the prime factors of 330.
2, 3, 5, 11
List the prime factors of 10067.
10067
List the prime factors of 2986.
2, 1493
What are the prime factors of 54467?
7, 31, 251
List the prime factors of 1326.
2, 3, 13, 17
List the prime factors of 49174.
2, 23, 1069
What are the prime factors of 6934?
2, 3467
What are the prime factors of 86380?
2, 5, 7, 617
What are the prime factors of 7746?
2, 3, 1291
What are the prime factors of 40697?
40697
What are the prime factors of 15483?
3, 13, 397
List the prime factors of 7109.
7109
List the prime factors of 138315.
3, 5, 9221
List the prime factors of 803.
11, 73
List the prime factors of 2.
2
List the prime factors of 2562.
2, 3, 7, 61
What are the prime factors of 6016?
2, 47
What are the prime factors of 24973?
13, 17, 113
What are the prime factors of 9215?
5, 19, 97
What are the prime factors of 5106?
2, 3, 23, 37
List the prime factors of 2391.
3, 797
List the prime factors of 226.
2, 113
List the prime factors of 11517.
3, 11, 349
List the prime factors of 15636.
2, 3, 1303
What are the prime factors of 12920?
2, 5, 17, 19
What are the prime factors of 4460?
2, 5, 223
List the prime factors of 54911.
43, 1277
What are the prime factors of 153548?
2, 23, 1669
What are the prime factors of 8390?
2, 5, 839
What are the prime factors of 10202?
2, 5101
What are the prime factors of 35633?
13, 2741
What are the prime factors of 2880?
2, 3, 5
What are the prime factors of 5463?
3, 607
List the prime factors of 45351.
3, 5039
What are the prime factors of 3319?
3319
What are the prime factors of 618?
2, 3, 103
List the prime factors of 4038.
2, 3, 673
What are the prime factors of 1052?
2, 263
List the prime factors of 1534.
2, 13, 59
List the prime factors of 43273.
109, 397
What are the prime factors of 5363?
31, 173
What are the prime factors of 165165?
3, 5, 7, 11, 13
What are the prime factors of 5215?
5, 7, 149
What are the prime factors of 1049?
1049
What are the prime factors of 2641?
19, 139
What are the prime factors of 3756?
2, 3, 313
What are the prime factors of 1657?
1657
List the prime factors of 86.
2, 43
List the prime factors of 3524.
2, 881
What are the prime factors of 32883?
3, 97, 113
List the prime factors of 2117.
29, 73
List the prime factors of 3464.
2, 433
List the prime factors of 25878.
2, 3, 19, 227
What are the prime factors of 13055?
5, 7, 373
List the prime factors of 10122.
2, 3, 7, 241
List the prime factors of 103565.
5, 7, 11, 269
List the prime factors of 3379.
31, 109
What are the prime factors of 5468?
2, 1367
List the prime factors of 189459.
3, 2339
List the prime factors of 425.
5, 17
List the prime factors of 105789.
3, 179, 197
What are the prime factors of 52475?
5, 2099
What are the prime factors of 393?
3, 131
What are the prime factors of 5536?
2, 173
What are the prime factors of 48276?
2, 3, 149
What are the prime factors of 49580?
2, 5, 37, 67
List the prime factors of 10795.
5, 17, 127
What are the prime factors of 1125?
3, 5
List the prime factors of 66.
2, 3, 11
What are the prime factors of 6531?
3, 7, 311
List the prime factors of 99857.
61, 1637
What are the prime factors of 8030?
2, 5, 11, 73
What are the prime factors of 34381?
34381
List the prime factors of 1747.
1747
What are the prime factors of 12717?
3, 157
What are the prime factors of 375?
3, 5
What are the prime factors of 2423?
2423
What are the prime factors of 5977?
43, 139
What are the prime factors of 111736?
2, 13967
List the prime factors of 158795.
5, 7, 13, 349
What are the prime factors of 60688?
2, 3793
What are the prime factors of 59013?
3, 79, 83
List the prime factors of 2108.
2, 17, 31
What are the prime fa